+ 93*p + 70475. Determine r(316).
7
Let f(g) = 7*g**2 - 416*g + 3991. Calculate f(12).
7
Let c(a) = 3*a**3 - 32*a**2 - 306*a - 17. Give c(18).
1603
Let s(u) = -10*u + 1913. Give s(131).
603
Let t(h) = 71309*h + 2281882. What is t(-32)?
-6
Let p(m) = 154*m**2 + 146769*m + 6705. Give p(-953).
34
Let p(d) = 64*d**2 + 13483*d + 8804. Give p(-210).
-226
Let k(h) = 109920*h + 2967852. Give k(-27).
12
Let k(x) = 31707*x - 95174. Calculate k(3).
-53
Let m(l) = l**2 - 26264*l + 262542. What is m(10)?
2
Let w(b) = -b**3 - 28*b**2 + 32*b + 21. What is w(-29)?
-66
Let l(c) = -336*c**2 + 27886*c + 244. Give l(83).
78
Let k(l) = -2*l**2 + 235*l + 6865. What is k(142)?
-93
Let z(p) = p**2 + 243*p + 5466. Calculate z(-25).
16
Let j(v) = 203*v**2 + 2463*v + 77. Determine j(-11).
-2453
Let w(v) = v**3 + 124*v**2 - 8194*v - 2971. Determine w(48).
5
Let f(u) = 2*u**3 - 25*u**2 - 184*u - 1341. Calculate f(-8).
-2493
Let m(d) = -11*d**2 + 114*d - 231. Calculate m(5).
64
Let t(u) = 2*u**2 - 73*u - 34. Determine t(34).
-204
Let z(t) = 592*t**3 - 27*t**2 + 32*t - 4. Calculate z(1).
593
Let d(p) = -2*p**2 + 473*p + 114850. Give d(-149).
-29
Let s(q) = 143*q - 8814. Give s(48).
-1950
Let p(m) = -31*m**3 - 42*m**2 - 45*m - 2. What is p(-1)?
32
Let t(p) = -66817*p + 1403059. Calculate t(21).
-98
Let t(d) = 948337*d + 1896651. What is t(-2)?
-23
Let j(t) = 4*t**3 - t**2 - 3318*t - 13297. Calculate j(-4).
-297
Let x(s) = -590*s**3 + 11*s**2 + 33*s + 21. Calculate x(-1).
589
Let a(u) = -2*u**3 + 170*u**2 + 16*u - 898. What is a(85)?
462
Let d(f) = -15*f**3 - 708*f**2 - 152*f - 521. What is d(-47)?
-4
Let n(v) = 4*v**2 + 179*v + 872. Determine n(-11).
-613
Let m(o) = -o**3 + 96*o**2 + 890*o + 467. What is m(-8)?
3
Let t(x) = -6992*x + 3209336. Calculate t(459).
8
Let f(b) = 506*b + 2404. Determine f(-5).
-126
Let m(w) = -w**3 - 37*w**2 + 324*w + 1452. Calculate m(-44).
748
Let u(l) = -4310*l + 17302. Determine u(4).
62
Let s(o) = -o**3 + 217*o**2 + 3733*o - 35. Calculate s(-16).
-115
Let g(f) = -66*f + 7063. Determine g(114).
-461
Let h(j) = 3*j**2 - 6878*j + 27504. Give h(4).
40
Let y(w) = w**2 + 99*w - 9479. Calculate y(58).
-373
Let b(l) = -l**3 + 27*l**2 - 379*l + 1974. Determine b(9).
21
Let c(p) = -p**3 - 146*p**2 - 2083*p - 379. Calculate c(-130).
11
Let f(j) = 3*j**2 + 10896*j - 196080. Determine f(18).
1020
Let y(m) = m**3 - 130*m**2 + 70*m + 7613. Determine y(129).
2
Let w(f) = -f**3 + 22*f**2 + 67*f - 20. Calculate w(-4).
128
Let n(d) = -d**2 + 579*d + 63600. Give n(-95).
-430
Let w(j) = j**3 - 32*j**2 - 1557*j + 50063. Give w(39).
-13
Let z(p) = 2*p**3 + 1076*p**2 + 2178*p + 18223. Calculate z(-536).
-1
Let j(x) = -14*x**2 - 5664*x + 5665. Calculate j(1).
-13
Let v(b) = b**2 + 137*b + 1031. Calculate v(-8).
-1
Let l(x) = 80806*x - 161622. Determine l(2).
-10
Let u(f) = -168*f - 11685. What is u(-70)?
75
Let n(m) = 4716*m + 141450. Calculate n(-30).
-30
Let d(m) = -31625*m - 2688103. Give d(-85).
22
Let a(i) = -2*i**2 + 308*i - 5182. Determine a(135).
-52
Let d(t) = 10403*t + 218372. What is d(-21)?
-91
Let z(d) = -172731*d + 518172. Give z(3).
-21
Let g(s) = 20077*s + 200765. Give g(-10).
-5
Let s(w) = -4878*w + 160988. What is s(33)?
14
Let u(k) = 24*k**2 + 1978*k - 29754. What is u(13)?
16
Let q(h) = 24*h**2 - 12468*h + 92161. Determine q(512).
1
Let o(s) = 15*s**2 + 170*s + 1037. What is o(-6)?
557
Let x(s) = -15*s - 1773. Determine x(-60).
-873
Let b(k) = 187*k + 4689. Give b(-24).
201
Let z(c) = 6*c**3 + 1409*c**2 + 1398*c + 1. Calculate z(-1).
6
Let a(w) = -31*w**2 - 5135*w + 26439. Calculate a(5).
-11
Let t(y) = 3*y**3 + 13*y**2 + 135*y - 821. Determine t(5).
554
Let a(j) = -171272*j + 1198919. What is a(7)?
15
Let w(a) = -3*a**3 + 16*a**2 - 28*a - 140. Calculate w(-3).
169
Let a(c) = -c**3 + 238*c**2 - 2730*c + 4064. Determine a(226).
-4
Let d(a) = -196*a - 12703. Give d(-82).
3369
Let o(q) = 279*q - 3608. Determine o(8).
-1376
Let b(d) = -d**3 + 192*d**2 + 1397*d - 27. What is b(-7)?
-55
Let k(u) = 99*u**2 + 980*u - 465. Determine k(-10).
-365
Let v(t) = 12626*t - 176782. Determine v(14).
-18
Let k(o) = -32846*o - 1116759. What is k(-34)?
5
Let u(a) = 345*a + 2120. Give u(-5).
395
Let j(o) = -594*o**2 + 7043*o - 23. What is j(11)?
5576
Let c(j) = -57*j**2 + 3447*j - 4965. What is c(59)?
-9
Let d(n) = -11*n**2 - 43*n + 761. What is d(11)?
-1043
Let o(i) = 37*i**2 + 1070*i + 5112. Calculate o(-6).
24
Let y(q) = 3*q**3 + 11*q**2 - 45*q - 75. Determine y(3).
-30
Let l(g) = -4*g**2 + 127*g + 112. What is l(33)?
-53
Let c(a) = -4732*a**2 + 260258*a + 117. Determine c(55).
7
Let w(m) = 5*m + 1394. What is w(159)?
2189
Let p(w) = -325919*w - 3259185. What is p(-10)?
5
Let h(t) = -t**2 - 71*t + 85509. Calculate h(-330).
39
Let x(z) = -683*z + 2065. Give x(3).
16
Let t(o) = -508049*o + 3048275. Determine t(6).
-19
Let a(t) = -t**3 - t**2 + 1104*t - 617. What is a(-34)?
-5
Let n(b) = -b**2 + 90*b - 238. Calculate n(33).
1643
Let f(x) = 1017*x - 260296. Calculate f(256).
56
Let v(y) = -13*y - 881. Determine v(-97).
380
Let t(i) = -i**3 + 111*i**2 + 236*i - 1118. Determine t(113).
12
Let y(q) = -q**3 + 44*q**2 + 27069*q - 448. Determine y(-144).
-16
Let s(b) = -16*b**3 - 68*b**2 + 19*b + 20. Give s(-4).
-120
Let k(f) = -7170*f**2 - 35946*f - 492. Give k(-5).
-12
Let a(i) = 6319*i + 3879923. Calculate a(-614).
57
Let f(p) = -138712*p + 1387153. Give f(10).
33
Let g(l) = -537*l + 17459. Determine g(33).
-262
Let j(s) = s**3 + 62*s**2 + 10*s + 179. Determine j(-62).
-441
Let p(g) = 10*g**3 + 87*g**2 - 24*g + 7. Calculate p(-9).
-20
Let r(l) = -5*l**2 - 686*l + 57683. Calculate r(-196).
59
Let q(o) = -12*o**2 + 4731*o - 33257. Determine q(387).
412
Let m(f) = -f**2 - 28*f + 4097. Calculate m(-81).
-196
Let x(f) = 4*f**3 - 26*f**2 + 24*f + 136. Determine x(6).
208
Let r(t) = -19*t**3 + 6533*t**2 + 1037*t - 1689. What is r(344)?
31
Let r(f) = -554*f + 249869. Determine r(451).
15
Let u(d) = -10*d**3 + 2302*d**2 - 493*d + 7608. Determine u(230).
18
Let u(b) = -94*b**2 - 2254*b - 137. Give u(-24).
-185
Let u(t) = -7*t**3 + 662*t**2 + 4*t + 77. Calculate u(0).
77
Let v(x) = x**3 - 38*x**2 + 79*x - 10388. Determine v(42).
-14
Let y(a) = 7909*a + 806714. Calculate y(-102).
-4
Let d(f) = 6*f**2 + 114*f + 495. Determine d(-13).
27
Let w(h) = 2*h**3 + 54*h**2 - 47*h + 316. Determine w(-28).
64
Let u(w) = -514921*w + 10813345. What is u(21)?
4
Let f(i) = 7549*i + 1260688. What is f(-167)?
5
Let m(i) = 1397*i - 304537. Calculate m(218).
9
Let m(c) = 1413*c - 111661. What is m(79)?
-34
Let v(p) = -69071*p**2 + 345355*p + 21. Calculate v(5).
21
Let d(m) = 303*m**2 + 19390*m - 96. Determine d(-64).
32
Let i(h) = 400*h + 116381. Give i(-291).
-19
Let d(f) = 8*f**3 - 543*f**2 - 72*f + 161. What is d(68)?
-111
Let t(j) = j**2 + 20*j - 5750. Give t(-86).
-74
Let h(i) = -2*i**2 - 203*i - 4840. Determine h(-62).
58
Let o(p) = -2*p**3 - 2552*p**2 - 695008*p + 7050. Calculate o(-882).
-6
Let q(b) = -b**3 + 7*b**2 + 128*b - 140. Calculate q(-9).
4
Let l(k) = -66*k**2 - 4553*k + 44. Calculate l(-69).
-25
Let p(s) = -3*s**2 - 188*s - 675. Give p(-59).
-26
Let s(t) = -41761*t - 41901. What is s(-1)?
-140
Let x(z) = 49*z**2 + 6184*z - 18505. Calculate x(3).
488
Let q(n) = n**3 - 58*n**2 - 14*n + 772. Give q(58).
-40
Let a(f) = 71386*f + 5639463. What is a(-79)?
-31
Let k(c) = c**3 - 142*c**2 + 843*c - 3247. Calculate k(136).
425
Let c(t) = -2*t**3 - 11*t**2 - 7449*t - 52293. Calculate c(-7).
-3
Let f(q) = 13882*q + 305474. What is f(-22)?
70
Let l(q) = q**3 + 19*q**2 - 1070*q - 6888. Determine l(-6).
0
Let o(l) = l**2 - 39*l - 648. Calculate o(45).
-378
Let x(w) = -996*w - 5370. Calculate x(-6).
606
Let h(m) = -5644*m - 28182. What is h(-5)?
38
Let f(i) = -2902*i**2 - 121883*i + 39. What is f(-42)?
-3
Let o(j) = 4*j**2 + 994*j + 35. Determine o(0).
35
Let l(b) = -b**3 + 136*b**2 - 1118*b - 3260. Calculate l(127).
-85
Let m(r) = -r**2 + 104*r - 2769. What is m(60)?
-129
Let f(u) = -23*u**2 - 200*u + 84. Determine f(-8).
212
Let r(f) = 30*f - 961. What is r(31)?
-31
Let v(a) = -369*a - 3992. What is v(-15)?
1543
Let k(d) = -631*d - 62688. Determine k(-99).
-219
Let g(o) = 15067*o + 753173. Give g(-50).
-177
Let u(l) = 4*l**2 + 226*l + 2701. What is u(-17)?
15
Let i(b) = 5028*b + 35333. What is i(